1 is divided by 32.
17
Calculate the remainder when 1959 is divided by 391.
4
Calculate the remainder when 664 is divided by 221.
1
What is the remainder when 21411 is divided by 238?
229
What is the remainder when 26023 is divided by 10?
3
Calculate the remainder when 35653 is divided by 13.
7
Calculate the remainder when 188666 is divided by 1031.
1024
Calculate the remainder when 289355 is divided by 33.
11
What is the remainder when 64144 is divided by 3586?
3182
What is the remainder when 47725 is divided by 304?
301
What is the remainder when 22552 is divided by 19?
18
Calculate the remainder when 2421 is divided by 1468.
953
Calculate the remainder when 10671 is divided by 130.
11
Calculate the remainder when 210014 is divided by 39.
38
What is the remainder when 187654 is divided by 26797?
75
What is the remainder when 456 is divided by 167?
122
What is the remainder when 32691 is divided by 16342?
7
Calculate the remainder when 13360 is divided by 2467.
1025
Calculate the remainder when 12909 is divided by 3193.
137
Calculate the remainder when 15419 is divided by 127.
52
What is the remainder when 32540 is divided by 316?
308
Calculate the remainder when 104770 is divided by 12.
10
What is the remainder when 4408 is divided by 616?
96
Calculate the remainder when 77870 is divided by 51.
44
What is the remainder when 5920 is divided by 537?
13
Calculate the remainder when 8157 is divided by 2708.
33
What is the remainder when 4971 is divided by 506?
417
What is the remainder when 21756 is divided by 183?
162
What is the remainder when 862 is divided by 58?
50
Calculate the remainder when 69536 is divided by 319.
313
Calculate the remainder when 7718 is divided by 39.
35
What is the remainder when 254839 is divided by 116?
103
Calculate the remainder when 290555 is divided by 126.
125
What is the remainder when 226703 is divided by 39?
35
Calculate the remainder when 22627 is divided by 70.
17
What is the remainder when 3008 is divided by 26?
18
Calculate the remainder when 179704 is divided by 216.
208
Calculate the remainder when 5964 is divided by 497.
0
Calculate the remainder when 3270 is divided by 109.
0
Calculate the remainder when 1988 is divided by 289.
254
What is the remainder when 457591 is divided by 917?
8
Calculate the remainder when 30936 is divided by 15350.
236
What is the remainder when 6794 is divided by 37?
23
Calculate the remainder when 20336 is divided by 56.
8
What is the remainder when 4491 is divided by 2?
1
Calculate the remainder when 107344 is divided by 135.
19
What is the remainder when 952982 is divided by 763?
758
Calculate the remainder when 32025 is divided by 2129.
90
Calculate the remainder when 318044 is divided by 101.
96
What is the remainder when 33335 is divided by 16646?
43
What is the remainder when 37173 is divided by 6?
3
What is the remainder when 881651 is divided by 17?
14
What is the remainder when 25352 is divided by 6335?
12
Calculate the remainder when 198338 is divided by 28331.
21
What is the remainder when 569131 is divided by 17785?
11
Calculate the remainder when 334 is divided by 303.
31
What is the remainder when 243229 is divided by 2?
1
What is the remainder when 67425 is divided by 24?
9
Calculate the remainder when 2197 is divided by 165.
52
What is the remainder when 1758201 is divided by 63?
60
What is the remainder when 2031 is divided by 997?
37
What is the remainder when 14688 is divided by 521?
100
Calculate the remainder when 13334 is divided by 90.
14
What is the remainder when 3564213 is divided by 522?
519
Calculate the remainder when 2654 is divided by 1304.
46
What is the remainder when 96297 is divided by 627?
366
Calculate the remainder when 157577 is divided by 527.
4
Calculate the remainder when 6244 is divided by 2029.
157
Calculate the remainder when 22334 is divided by 5566.
70
What is the remainder when 2433 is divided by 2424?
9
Calculate the remainder when 6281 is divided by 632.
593
What is the remainder when 23267 is divided by 181?
99
What is the remainder when 3770 is divided by 475?
445
Calculate the remainder when 4655 is divided by 275.
255
Calculate the remainder when 39639 is divided by 15.
9
Calculate the remainder when 1959 is divided by 1841.
118
Calculate the remainder when 155766 is divided by 1750.
16
Calculate the remainder when 34193 is divided by 166.
163
What is the remainder when 6854 is divided by 201?
20
What is the remainder when 4318 is divided by 170?
68
What is the remainder when 16740 is divided by 129?
99
What is the remainder when 8367 is divided by 200?
167
Calculate the remainder when 307684 is divided by 139.
77
Calculate the remainder when 933 is divided by 167.
98
What is the remainder when 3155 is divided by 1969?
1186
What is the remainder when 4613 is divided by 27?
23
What is the remainder when 1293 is divided by 19?
1
What is the remainder when 4703 is divided by 519?
32
What is the remainder when 2024 is divided by 150?
74
What is the remainder when 1304 is divided by 1278?
26
Calculate the remainder when 198092 is divided by 401.
399
What is the remainder when 1330 is divided by 35?
0
Calculate the remainder when 17088 is divided by 28.
8
Calculate the remainder when 871395 is divided by 326.
323
Calculate the remainder when 3229 is divided by 805.
9
What is the remainder when 21224 is divided by 137?
126
What is the remainder when 1510 is divided by 15?
10
Calculate the remainder when 6263 is divided by 1484.
327
Calculate the remainder when 129030 is divided by 729.
726
Calculate the remainder when 69957 is divided by 16.
5
What is the remainder when 68726 is divided by 1857?
17
Calculate the remainder when 9556 is divided by 83.
11
What is the remainder when 2525 is divided by 505?
0
Calculate the remainder when 8155 is divided by 16.
11
What is the remainder when 3778 is divided by 444?
226
Calculate the remainder when 2730 is divided by 104.
26
Calculate the remainder when 12011 is divided by 173.
74
What is the remainder when 11203 is divided by 233?
19
Calculate the remainder when 447024 is divided by 56.
32
What is the remainder when 6672 is divided by 437?
117
Calculate the remainder when 4935 is divided by 762.
363
Calculate the remainder when 45047 is divided by 242.
35
What is the remainder when 1268 is divided by 299?
72
Calculate the remainder when 12154 is divided by 3420.
1894
Calculate the remainder when 9069 is divided by 28.
25
Calculate the remainder when 49156 is divided by 9823.
41
What is the remainder when 95265 is divided by 51?
48
What is the remainder when 9178 is divided by 9167?
11
Calculate the remainder when 26461 is divided by 835.
576
Calculate the remainder when 1356 is divided by 39.
30
What is the remainder when 14575 is divided by 983?
813
What is the remainder when 3704 is divided by 984?
752
What is the remainder when 6704 is divided by 1312?
144
What is the remainder when 169375 is divided by 56454?
13
Calculate the remainder when 7755 is divided by 250.
5
Calculate the remainder when 11413 is divided by 3801.
10
Calculate the remainder when 3279 is divided by 193.
191
What is the remainder when 426713 is divided by 8206?
1
What is the remainder when 6596 is divided by 815?
76
What is the remainder when 12512 is divided by 3119?
36
Calculate the remainder when 3560 is divided by 1481.
598
Calculate the remainder when 18707 is divided by 44.
7
Calculate the remainder when 2938 is divided by 23.
17
Calculate the remainder when 3931 is divided by 1274.
109
What is the remainder when 28086 is divided by 14025?
36
Calculate the remainder when 947633 is divided by 65.
63
What is the remainder when 1998 is divided by 221?
9
What is the remainder when 123225 is divided by 126?
123
What is the remainder when 10873 is divided by 582?
397
Calculate the remainder when 674 is divided by 280.
114
What is the remainder when 3365 is divided by 37?
35
What is the remainder when 8041 is divided by 474?
457
What is the remainder when 397211 is divided by 15?
11
What is the remainder when 1243 is divided by 190?
103
What is the remainder when 5912 is divided by 25?
12
What is the remainder when 325716 is divided by 177?
36
Calculate the remainder when 420388 is divided by 865.
863
Wha